{"id":32,"date":"2019-06-25T20:34:44","date_gmt":"2019-06-25T20:34:44","guid":{"rendered":"https:\/\/optyk-wladyslawowo.pl\/?page_id=32"},"modified":"2019-06-25T20:34:44","modified_gmt":"2019-06-25T20:34:44","slug":"glowna","status":"publish","type":"page","link":"https:\/\/optyk-wladyslawowo.pl\/index.php\/glowna\/","title":{"rendered":"g\u0142owna"},"content":{"rendered":"<p>asdasd<\/p>\n","protected":false},"excerpt":{"rendered":"<p>asdasd<\/p>\n","protected":false},"author":1,"featured_media":0,"parent":0,"menu_order":0,"comment_status":"closed","ping_status":"closed","template":"page-templates\/template-fullwidth.php","meta":{"footnotes":""},"class_list":["post-32","page","type-page","status-publish","hentry"],"yoast_head":"<!-- This site is optimized with the Yoast SEO plugin v24.7 - https:\/\/yoast.com\/wordpress\/plugins\/seo\/ -->\n<title>g\u0142owna - ALL-KAR<\/title>\n<meta name=\"robots\" content=\"index, follow, max-snippet:-1, max-image-preview:large, max-video-preview:-1\" \/>\n<link rel=\"canonical\" href=\"https:\/\/optyk-wladyslawowo.pl\/index.php\/glowna\/\" \/>\n<meta property=\"og:locale\" content=\"pl_PL\" \/>\n<meta property=\"og:type\" content=\"article\" \/>\n<meta property=\"og:title\" content=\"g\u0142owna - ALL-KAR\" \/>\n<meta property=\"og:description\" content=\"asdasd\" \/>\n<meta property=\"og:url\" content=\"https:\/\/optyk-wladyslawowo.pl\/index.php\/glowna\/\" \/>\n<meta property=\"og:site_name\" content=\"ALL-KAR\" \/>\n<meta name=\"twitter:card\" content=\"summary_large_image\" \/>\n<script type=\"application\/ld+json\" class=\"yoast-schema-graph\">{\"@context\":\"https:\/\/schema.org\",\"@graph\":[{\"@type\":\"WebPage\",\"@id\":\"https:\/\/optyk-wladyslawowo.pl\/index.php\/glowna\/\",\"url\":\"https:\/\/optyk-wladyslawowo.pl\/index.php\/glowna\/\",\"name\":\"g\u0142owna - ALL-KAR\",\"isPartOf\":{\"@id\":\"https:\/\/optyk-wladyslawowo.pl\/#website\"},\"datePublished\":\"2019-06-25T20:34:44+00:00\",\"breadcrumb\":{\"@id\":\"https:\/\/optyk-wladyslawowo.pl\/index.php\/glowna\/#breadcrumb\"},\"inLanguage\":\"pl-PL\",\"potentialAction\":[{\"@type\":\"ReadAction\",\"target\":[\"https:\/\/optyk-wladyslawowo.pl\/index.php\/glowna\/\"]}]},{\"@type\":\"BreadcrumbList\",\"@id\":\"https:\/\/optyk-wladyslawowo.pl\/index.php\/glowna\/#breadcrumb\",\"itemListElement\":[{\"@type\":\"ListItem\",\"position\":1,\"name\":\"Strona g\u0142\u00f3wna\",\"item\":\"https:\/\/optyk-wladyslawowo.pl\/\"},{\"@type\":\"ListItem\",\"position\":2,\"name\":\"g\u0142owna\"}]},{\"@type\":\"WebSite\",\"@id\":\"https:\/\/optyk-wladyslawowo.pl\/#website\",\"url\":\"https:\/\/optyk-wladyslawowo.pl\/\",\"name\":\"ALL-KAR\",\"description\":\"Zak\u0142ad optyczny - W\u0142adys\u0142awowo\",\"potentialAction\":[{\"@type\":\"SearchAction\",\"target\":{\"@type\":\"EntryPoint\",\"urlTemplate\":\"https:\/\/optyk-wladyslawowo.pl\/?s={search_term_string}\"},\"query-input\":{\"@type\":\"PropertyValueSpecification\",\"valueRequired\":true,\"valueName\":\"search_term_string\"}}],\"inLanguage\":\"pl-PL\"}]}<\/script>\n<!-- \/ Yoast SEO plugin. -->","yoast_head_json":{"title":"g\u0142owna - ALL-KAR","robots":{"index":"index","follow":"follow","max-snippet":"max-snippet:-1","max-image-preview":"max-image-preview:large","max-video-preview":"max-video-preview:-1"},"canonical":"https:\/\/optyk-wladyslawowo.pl\/index.php\/glowna\/","og_locale":"pl_PL","og_type":"article","og_title":"g\u0142owna - ALL-KAR","og_description":"asdasd","og_url":"https:\/\/optyk-wladyslawowo.pl\/index.php\/glowna\/","og_site_name":"ALL-KAR","twitter_card":"summary_large_image","schema":{"@context":"https:\/\/schema.org","@graph":[{"@type":"WebPage","@id":"https:\/\/optyk-wladyslawowo.pl\/index.php\/glowna\/","url":"https:\/\/optyk-wladyslawowo.pl\/index.php\/glowna\/","name":"g\u0142owna - ALL-KAR","isPartOf":{"@id":"https:\/\/optyk-wladyslawowo.pl\/#website"},"datePublished":"2019-06-25T20:34:44+00:00","breadcrumb":{"@id":"https:\/\/optyk-wladyslawowo.pl\/index.php\/glowna\/#breadcrumb"},"inLanguage":"pl-PL","potentialAction":[{"@type":"ReadAction","target":["https:\/\/optyk-wladyslawowo.pl\/index.php\/glowna\/"]}]},{"@type":"BreadcrumbList","@id":"https:\/\/optyk-wladyslawowo.pl\/index.php\/glowna\/#breadcrumb","itemListElement":[{"@type":"ListItem","position":1,"name":"Strona g\u0142\u00f3wna","item":"https:\/\/optyk-wladyslawowo.pl\/"},{"@type":"ListItem","position":2,"name":"g\u0142owna"}]},{"@type":"WebSite","@id":"https:\/\/optyk-wladyslawowo.pl\/#website","url":"https:\/\/optyk-wladyslawowo.pl\/","name":"ALL-KAR","description":"Zak\u0142ad optyczny - W\u0142adys\u0142awowo","potentialAction":[{"@type":"SearchAction","target":{"@type":"EntryPoint","urlTemplate":"https:\/\/optyk-wladyslawowo.pl\/?s={search_term_string}"},"query-input":{"@type":"PropertyValueSpecification","valueRequired":true,"valueName":"search_term_string"}}],"inLanguage":"pl-PL"}]}},"_links":{"self":[{"href":"https:\/\/optyk-wladyslawowo.pl\/index.php\/wp-json\/wp\/v2\/pages\/32","targetHints":{"allow":["GET"]}}],"collection":[{"href":"https:\/\/optyk-wladyslawowo.pl\/index.php\/wp-json\/wp\/v2\/pages"}],"about":[{"href":"https:\/\/optyk-wladyslawowo.pl\/index.php\/wp-json\/wp\/v2\/types\/page"}],"author":[{"embeddable":true,"href":"https:\/\/optyk-wladyslawowo.pl\/index.php\/wp-json\/wp\/v2\/users\/1"}],"replies":[{"embeddable":true,"href":"https:\/\/optyk-wladyslawowo.pl\/index.php\/wp-json\/wp\/v2\/comments?post=32"}],"version-history":[{"count":1,"href":"https:\/\/optyk-wladyslawowo.pl\/index.php\/wp-json\/wp\/v2\/pages\/32\/revisions"}],"predecessor-version":[{"id":33,"href":"https:\/\/optyk-wladyslawowo.pl\/index.php\/wp-json\/wp\/v2\/pages\/32\/revisions\/33"}],"wp:attachment":[{"href":"https:\/\/optyk-wladyslawowo.pl\/index.php\/wp-json\/wp\/v2\/media?parent=32"}],"curies":[{"name":"wp","href":"https:\/\/api.w.org\/{rel}","templated":true}]}}